{"id":124,"date":"2021-04-12T00:15:41","date_gmt":"2021-04-12T00:15:41","guid":{"rendered":"https:\/\/fixmovilmanager.com\/?page_id=124"},"modified":"2024-04-27T04:35:25","modified_gmt":"2024-04-27T04:35:25","slug":"este-es-fixmovilmanager-2-0","status":"publish","type":"page","link":"https:\/\/fixmovilmanager.com\/index.php\/este-es-fixmovilmanager-2-0\/","title":{"rendered":"Este es FixMovilManager 2.0"},"content":{"rendered":"\n<p>Derivado de FixMovilManager 1.0 y 10 a\u00f1os en el negocio de la reparaci\u00f3n de celulares, he tomado las mejores funciones de esta primer versi\u00f3n  y toda la retroalimentaci\u00f3n propia ademas de la de cientos de t\u00e9cnicos alrededor de latinoamerica y Espa\u00f1a para crear esta genial herramienta.<\/p>\n\n\n\n<p>Fixmovilmanager 2.0 te permite administrar tus ordenes de servicio, imprimir tus notas de servicio, venta y cobros. gestionar tu inventario de refacciones y m\u00e1s. Todo esto con sencillas configuraciones y funciones que le dan a tu taller un toque mas fresco, formal y visiblemente organizado.<\/p>\n\n\n\n<p>Deja de dar a tus clientes notas escritas con pluma y de guardar tus registros en un Excel, lo \u00fanico peor que eso es no darle notas a tus clientes y no registrar tus entradas de trabajo. <br>En ambos casos, te urge Fixmovilmanager 2.0, un sistema hecho por t\u00e9cnicos para t\u00e9cnicos.<\/p>\n\n\n\n<p><br>Pruebalo ya mismo!<\/p>\n\n\n\n<div class=\"wp-block-buttons is-layout-flex wp-block-buttons-is-layout-flex\">\n<div class=\"wp-block-button\"><a class=\"wp-block-button__link\" href=\"https:\/\/fixmovilmanager.com\/Descargas\/FixMovilManager 2.2404 DEMO.exe\" target=\"_blank\" rel=\"noreferrer noopener\">Descarga FixMovilManager 2.2404 Demo<img loading=\"lazy\" decoding=\"async\" width=\"45\" height=\"39\" class=\"wp-image-106\" style=\"width: 45px;\" src=\"https:\/\/fixmovilmanager.com\/wp-content\/uploads\/2021\/04\/LogotransparentePNG-1.png\" alt=\"\" srcset=\"https:\/\/fixmovilmanager.com\/wp-content\/uploads\/2021\/04\/LogotransparentePNG-1.png 1084w, https:\/\/fixmovilmanager.com\/wp-content\/uploads\/2021\/04\/LogotransparentePNG-1-300x262.png 300w, https:\/\/fixmovilmanager.com\/wp-content\/uploads\/2021\/04\/LogotransparentePNG-1-1024x896.png 1024w, https:\/\/fixmovilmanager.com\/wp-content\/uploads\/2021\/04\/LogotransparentePNG-1-768x672.png 768w\" sizes=\"auto, (max-width: 45px) 100vw, 45px\" \/><\/a><\/div>\n<\/div>\n\n\n\n<figure class=\"wp-block-embed is-type-video is-provider-youtube wp-block-embed-youtube wp-embed-aspect-16-9 wp-has-aspect-ratio\"><div class=\"wp-block-embed__wrapper\">\n<iframe loading=\"lazy\" title=\"FixMovilManager 2.0 funciones\" width=\"1170\" height=\"658\" src=\"https:\/\/www.youtube.com\/embed\/LOpckdQoe08?feature=oembed\" frameborder=\"0\" allow=\"accelerometer; autoplay; clipboard-write; encrypted-media; gyroscope; picture-in-picture\" allowfullscreen><\/iframe>\n<\/div><\/figure>\n\n\n\n<p><\/p>\n\n\n\n<!-- Messenger plugin de chat Code -->\n    <div id=\"fb-root\"><\/div>\n      <script>\n        window.fbAsyncInit = function() {\n          FB.init({\n            xfbml            : true,\n            version          : 'v10.0'\n          });\n        };\n\n        (function(d, s, id) {\n          var js, fjs = d.getElementsByTagName(s)[0];\n          if (d.getElementById(id)) return;\n          js = d.createElement(s); js.id = id;\n          js.src = 'https:\/\/connect.facebook.net\/es_LA\/sdk\/xfbml.customerchat.js';\n          fjs.parentNode.insertBefore(js, fjs);\n        }(document, 'script', 'facebook-jssdk'));\n      <\/script>\n\n      <!-- Your plugin de chat code -->\n      <div class=\"fb-customerchat\" attribution=\"biz_inbox\" page_id=\"449087455437185\">\n      <\/div>\n\n\n\n<p><\/p>\n\n\n\n<figure class=\"wp-block-gallery columns-3 is-cropped wp-block-gallery-1 is-layout-flex wp-block-gallery-is-layout-flex\"><ul class=\"blocks-gallery-grid\"><li class=\"blocks-gallery-item\"><figure><img loading=\"lazy\" decoding=\"async\" width=\"1024\" height=\"579\" src=\"https:\/\/fixmovilmanager.com\/wp-content\/uploads\/2022\/10\/Captura-de-pantalla-2022-10-20-173104-1024x579.jpg\" alt=\"\" data-id=\"289\" data-link=\"https:\/\/fixmovilmanager.com\/index.php\/este-es-fixmovilmanager-2-0\/captura-de-pantalla-2022-10-20-173104\/\" class=\"wp-image-289\" srcset=\"https:\/\/fixmovilmanager.com\/wp-content\/uploads\/2022\/10\/Captura-de-pantalla-2022-10-20-173104-1024x579.jpg 1024w, https:\/\/fixmovilmanager.com\/wp-content\/uploads\/2022\/10\/Captura-de-pantalla-2022-10-20-173104-300x170.jpg 300w, https:\/\/fixmovilmanager.com\/wp-content\/uploads\/2022\/10\/Captura-de-pantalla-2022-10-20-173104-768x434.jpg 768w, https:\/\/fixmovilmanager.com\/wp-content\/uploads\/2022\/10\/Captura-de-pantalla-2022-10-20-173104.jpg 1160w\" sizes=\"auto, (max-width: 1024px) 100vw, 1024px\" \/><\/figure><\/li><li class=\"blocks-gallery-item\"><figure><img loading=\"lazy\" decoding=\"async\" width=\"217\" height=\"124\" src=\"https:\/\/fixmovilmanager.com\/wp-content\/uploads\/2021\/04\/Pic2.png\" alt=\"\" data-id=\"126\" data-link=\"https:\/\/fixmovilmanager.com\/?attachment_id=126\" class=\"wp-image-126\"\/><\/figure><\/li><li class=\"blocks-gallery-item\"><figure><img loading=\"lazy\" decoding=\"async\" width=\"332\" height=\"251\" src=\"https:\/\/fixmovilmanager.com\/wp-content\/uploads\/2022\/10\/Captura-de-pantalla-2022-10-20-173244.jpg\" alt=\"\" data-id=\"288\" data-link=\"https:\/\/fixmovilmanager.com\/index.php\/este-es-fixmovilmanager-2-0\/captura-de-pantalla-2022-10-20-173244\/\" class=\"wp-image-288\" srcset=\"https:\/\/fixmovilmanager.com\/wp-content\/uploads\/2022\/10\/Captura-de-pantalla-2022-10-20-173244.jpg 332w, https:\/\/fixmovilmanager.com\/wp-content\/uploads\/2022\/10\/Captura-de-pantalla-2022-10-20-173244-300x227.jpg 300w\" sizes=\"auto, (max-width: 332px) 100vw, 332px\" \/><\/figure><\/li><li class=\"blocks-gallery-item\"><figure><img loading=\"lazy\" decoding=\"async\" width=\"656\" height=\"438\" src=\"https:\/\/fixmovilmanager.com\/wp-content\/uploads\/2022\/10\/Captura-de-pantalla-2022-10-20-173339.jpg\" alt=\"\" data-id=\"290\" data-link=\"https:\/\/fixmovilmanager.com\/index.php\/este-es-fixmovilmanager-2-0\/captura-de-pantalla-2022-10-20-173339\/\" class=\"wp-image-290\" srcset=\"https:\/\/fixmovilmanager.com\/wp-content\/uploads\/2022\/10\/Captura-de-pantalla-2022-10-20-173339.jpg 656w, https:\/\/fixmovilmanager.com\/wp-content\/uploads\/2022\/10\/Captura-de-pantalla-2022-10-20-173339-300x200.jpg 300w\" sizes=\"auto, (max-width: 656px) 100vw, 656px\" \/><\/figure><\/li><li class=\"blocks-gallery-item\"><figure><img loading=\"lazy\" decoding=\"async\" width=\"718\" height=\"469\" src=\"https:\/\/fixmovilmanager.com\/wp-content\/uploads\/2022\/10\/Captura-de-pantalla-2022-10-20-173405.jpg\" alt=\"\" data-id=\"291\" data-link=\"https:\/\/fixmovilmanager.com\/index.php\/este-es-fixmovilmanager-2-0\/captura-de-pantalla-2022-10-20-173405\/\" class=\"wp-image-291\" srcset=\"https:\/\/fixmovilmanager.com\/wp-content\/uploads\/2022\/10\/Captura-de-pantalla-2022-10-20-173405.jpg 718w, https:\/\/fixmovilmanager.com\/wp-content\/uploads\/2022\/10\/Captura-de-pantalla-2022-10-20-173405-300x196.jpg 300w\" sizes=\"auto, (max-width: 718px) 100vw, 718px\" \/><\/figure><\/li><li class=\"blocks-gallery-item\"><figure><img loading=\"lazy\" decoding=\"async\" width=\"900\" height=\"653\" src=\"https:\/\/fixmovilmanager.com\/wp-content\/uploads\/2022\/10\/Captura-de-pantalla-2022-10-20-173730.jpg\" alt=\"\" data-id=\"292\" data-link=\"https:\/\/fixmovilmanager.com\/index.php\/este-es-fixmovilmanager-2-0\/captura-de-pantalla-2022-10-20-173730\/\" class=\"wp-image-292\" srcset=\"https:\/\/fixmovilmanager.com\/wp-content\/uploads\/2022\/10\/Captura-de-pantalla-2022-10-20-173730.jpg 900w, https:\/\/fixmovilmanager.com\/wp-content\/uploads\/2022\/10\/Captura-de-pantalla-2022-10-20-173730-300x218.jpg 300w, https:\/\/fixmovilmanager.com\/wp-content\/uploads\/2022\/10\/Captura-de-pantalla-2022-10-20-173730-768x557.jpg 768w\" sizes=\"auto, (max-width: 900px) 100vw, 900px\" \/><\/figure><\/li><li class=\"blocks-gallery-item\"><figure><img loading=\"lazy\" decoding=\"async\" width=\"321\" height=\"211\" src=\"https:\/\/fixmovilmanager.com\/wp-content\/uploads\/2021\/04\/Pic9.png\" alt=\"\" data-id=\"132\" data-link=\"https:\/\/fixmovilmanager.com\/?attachment_id=132\" class=\"wp-image-132\" srcset=\"https:\/\/fixmovilmanager.com\/wp-content\/uploads\/2021\/04\/Pic9.png 321w, https:\/\/fixmovilmanager.com\/wp-content\/uploads\/2021\/04\/Pic9-300x197.png 300w\" sizes=\"auto, (max-width: 321px) 100vw, 321px\" \/><\/figure><\/li><li class=\"blocks-gallery-item\"><figure><img loading=\"lazy\" decoding=\"async\" width=\"1024\" height=\"611\" src=\"https:\/\/fixmovilmanager.com\/wp-content\/uploads\/2022\/10\/Captura-de-pantalla-2022-10-20-173922-1024x611.jpg\" alt=\"\" data-id=\"294\" data-link=\"https:\/\/fixmovilmanager.com\/index.php\/este-es-fixmovilmanager-2-0\/captura-de-pantalla-2022-10-20-173922\/\" class=\"wp-image-294\" srcset=\"https:\/\/fixmovilmanager.com\/wp-content\/uploads\/2022\/10\/Captura-de-pantalla-2022-10-20-173922-1024x611.jpg 1024w, https:\/\/fixmovilmanager.com\/wp-content\/uploads\/2022\/10\/Captura-de-pantalla-2022-10-20-173922-300x179.jpg 300w, https:\/\/fixmovilmanager.com\/wp-content\/uploads\/2022\/10\/Captura-de-pantalla-2022-10-20-173922-768x458.jpg 768w, https:\/\/fixmovilmanager.com\/wp-content\/uploads\/2022\/10\/Captura-de-pantalla-2022-10-20-173922.jpg 1235w\" sizes=\"auto, (max-width: 1024px) 100vw, 1024px\" \/><\/figure><\/li><li class=\"blocks-gallery-item\"><figure><img loading=\"lazy\" decoding=\"async\" width=\"1024\" height=\"699\" src=\"https:\/\/fixmovilmanager.com\/wp-content\/uploads\/2022\/10\/Captura-de-pantalla-2022-10-20-174304-1024x699.jpg\" alt=\"\" data-id=\"293\" data-link=\"https:\/\/fixmovilmanager.com\/index.php\/este-es-fixmovilmanager-2-0\/captura-de-pantalla-2022-10-20-174304\/\" class=\"wp-image-293\" srcset=\"https:\/\/fixmovilmanager.com\/wp-content\/uploads\/2022\/10\/Captura-de-pantalla-2022-10-20-174304-1024x699.jpg 1024w, https:\/\/fixmovilmanager.com\/wp-content\/uploads\/2022\/10\/Captura-de-pantalla-2022-10-20-174304-300x205.jpg 300w, https:\/\/fixmovilmanager.com\/wp-content\/uploads\/2022\/10\/Captura-de-pantalla-2022-10-20-174304-768x525.jpg 768w, https:\/\/fixmovilmanager.com\/wp-content\/uploads\/2022\/10\/Captura-de-pantalla-2022-10-20-174304.jpg 1038w\" sizes=\"auto, (max-width: 1024px) 100vw, 1024px\" \/><\/figure><\/li><li class=\"blocks-gallery-item\"><figure><img loading=\"lazy\" decoding=\"async\" width=\"576\" height=\"1024\" src=\"https:\/\/fixmovilmanager.com\/wp-content\/uploads\/2021\/04\/20210409_003639-1-576x1024.jpg\" alt=\"\" data-id=\"135\" data-link=\"https:\/\/fixmovilmanager.com\/?attachment_id=135\" class=\"wp-image-135\" srcset=\"https:\/\/fixmovilmanager.com\/wp-content\/uploads\/2021\/04\/20210409_003639-1-576x1024.jpg 576w, https:\/\/fixmovilmanager.com\/wp-content\/uploads\/2021\/04\/20210409_003639-1-169x300.jpg 169w, https:\/\/fixmovilmanager.com\/wp-content\/uploads\/2021\/04\/20210409_003639-1-768x1365.jpg 768w, https:\/\/fixmovilmanager.com\/wp-content\/uploads\/2021\/04\/20210409_003639-1-864x1536.jpg 864w, https:\/\/fixmovilmanager.com\/wp-content\/uploads\/2021\/04\/20210409_003639-1-1152x2048.jpg 1152w, https:\/\/fixmovilmanager.com\/wp-content\/uploads\/2021\/04\/20210409_003639-1-rotated.jpg 1440w\" sizes=\"auto, (max-width: 576px) 100vw, 576px\" \/><\/figure><\/li><li class=\"blocks-gallery-item\"><figure><img loading=\"lazy\" decoding=\"async\" width=\"605\" height=\"644\" src=\"https:\/\/fixmovilmanager.com\/wp-content\/uploads\/2022\/10\/Captura-de-pantalla-2022-10-22-123009.jpg\" alt=\"\" data-id=\"303\" data-full-url=\"https:\/\/fixmovilmanager.com\/wp-content\/uploads\/2022\/10\/Captura-de-pantalla-2022-10-22-123009.jpg\" data-link=\"https:\/\/fixmovilmanager.com\/index.php\/este-es-fixmovilmanager-2-0\/captura-de-pantalla-2022-10-22-123009\/\" class=\"wp-image-303\" srcset=\"https:\/\/fixmovilmanager.com\/wp-content\/uploads\/2022\/10\/Captura-de-pantalla-2022-10-22-123009.jpg 605w, https:\/\/fixmovilmanager.com\/wp-content\/uploads\/2022\/10\/Captura-de-pantalla-2022-10-22-123009-282x300.jpg 282w\" sizes=\"auto, (max-width: 605px) 100vw, 605px\" \/><\/figure><\/li><\/ul><\/figure>\n\n\n\n<p><\/p>\n","protected":false},"excerpt":{"rendered":"<p>Derivado de FixMovilManager 1.0 y 10 a\u00f1os en el negocio de la reparaci\u00f3n de celulares, he tomado las mejores funciones de esta primer versi\u00f3n y toda la retroalimentaci\u00f3n propia ademas de la de cientos de t\u00e9cnicos alrededor de latinoamerica y Espa\u00f1a para crear esta genial herramienta. Fixmovilmanager 2.0 te permite administrar tus ordenes de servicio, [&hellip;]<\/p>\n","protected":false},"author":1,"featured_media":0,"parent":0,"menu_order":0,"comment_status":"closed","ping_status":"closed","template":"","meta":{"om_disable_all_campaigns":false,"_monsterinsights_skip_tracking":false,"_monsterinsights_sitenote_active":false,"_monsterinsights_sitenote_note":"","_monsterinsights_sitenote_category":0,"footnotes":""},"class_list":["post-124","page","type-page","status-publish","hentry"],"_links":{"self":[{"href":"https:\/\/fixmovilmanager.com\/index.php\/wp-json\/wp\/v2\/pages\/124","targetHints":{"allow":["GET"]}}],"collection":[{"href":"https:\/\/fixmovilmanager.com\/index.php\/wp-json\/wp\/v2\/pages"}],"about":[{"href":"https:\/\/fixmovilmanager.com\/index.php\/wp-json\/wp\/v2\/types\/page"}],"author":[{"embeddable":true,"href":"https:\/\/fixmovilmanager.com\/index.php\/wp-json\/wp\/v2\/users\/1"}],"replies":[{"embeddable":true,"href":"https:\/\/fixmovilmanager.com\/index.php\/wp-json\/wp\/v2\/comments?post=124"}],"version-history":[{"count":9,"href":"https:\/\/fixmovilmanager.com\/index.php\/wp-json\/wp\/v2\/pages\/124\/revisions"}],"predecessor-version":[{"id":404,"href":"https:\/\/fixmovilmanager.com\/index.php\/wp-json\/wp\/v2\/pages\/124\/revisions\/404"}],"wp:attachment":[{"href":"https:\/\/fixmovilmanager.com\/index.php\/wp-json\/wp\/v2\/media?parent=124"}],"curies":[{"name":"wp","href":"https:\/\/api.w.org\/{rel}","templated":true}]}}